{"id":208,"date":"2015-10-19T14:06:32","date_gmt":"2015-10-19T13:06:32","guid":{"rendered":"http:\/\/www.mfrance.fr\/neuf\/?page_id=208"},"modified":"2015-11-30T16:09:07","modified_gmt":"2015-11-30T15:09:07","slug":"seaux-plastiques-alimentaires","status":"publish","type":"page","link":"https:\/\/www.mfrance.fr\/neuf\/produits\/seaux-polypropylenes\/seaux-plastiques-alimentaires\/","title":{"rendered":"Seaux plastiques Alimentaires"},"content":{"rendered":"<p>[et_pb_section admin_label=\u00a0\u00bbsection\u00a0\u00bb fullwidth=\u00a0\u00bbon\u00a0\u00bb specialty=\u00a0\u00bboff\u00a0\u00bb transparent_background=\u00a0\u00bboff\u00a0\u00bb background_color=\u00a0\u00bb#04235e\u00a0\u00bb allow_player_pause=\u00a0\u00bboff\u00a0\u00bb inner_shadow=\u00a0\u00bboff\u00a0\u00bb parallax=\u00a0\u00bboff\u00a0\u00bb parallax_method=\u00a0\u00bboff\u00a0\u00bb padding_mobile=\u00a0\u00bboff\u00a0\u00bb make_fullwidth=\u00a0\u00bboff\u00a0\u00bb use_custom_width=\u00a0\u00bboff\u00a0\u00bb width_unit=\u00a0\u00bbon\u00a0\u00bb make_equal=\u00a0\u00bboff\u00a0\u00bb use_custom_gutter=\u00a0\u00bboff\u00a0\u00bb][et_pb_fullwidth_header admin_label=\u00a0\u00bbEn-t\u00eate plein \u00e9cran\u00a0\u00bb title=\u00a0\u00bbSeaux plastiques Alimentaires\u00a0\u00bb background_layout=\u00a0\u00bbdark\u00a0\u00bb text_orientation=\u00a0\u00bbleft\u00a0\u00bb header_fullscreen=\u00a0\u00bboff\u00a0\u00bb header_scroll_down=\u00a0\u00bboff\u00a0\u00bb parallax=\u00a0\u00bboff\u00a0\u00bb parallax_method=\u00a0\u00bboff\u00a0\u00bb content_orientation=\u00a0\u00bbcenter\u00a0\u00bb image_orientation=\u00a0\u00bbcenter\u00a0\u00bb custom_button_one=\u00a0\u00bboff\u00a0\u00bb button_one_letter_spacing=\u00a0\u00bb0&Prime; button_one_use_icon=\u00a0\u00bbdefault\u00a0\u00bb button_one_icon_placement=\u00a0\u00bbright\u00a0\u00bb button_one_on_hover=\u00a0\u00bbon\u00a0\u00bb button_one_letter_spacing_hover=\u00a0\u00bb0&Prime; custom_button_two=\u00a0\u00bboff\u00a0\u00bb button_two_letter_spacing=\u00a0\u00bb0&Prime; button_two_use_icon=\u00a0\u00bbdefault\u00a0\u00bb button_two_icon_placement=\u00a0\u00bbright\u00a0\u00bb button_two_on_hover=\u00a0\u00bbon\u00a0\u00bb button_two_letter_spacing_hover=\u00a0\u00bb0&Prime;] [\/et_pb_fullwidth_header][\/et_pb_section][et_pb_section admin_label=\u00a0\u00bbsection\u00a0\u00bb inner_shadow=\u00a0\u00bboff\u00a0\u00bb parallax=\u00a0\u00bboff\u00a0\u00bb][et_pb_row admin_label=\u00a0\u00bbLigne\u00a0\u00bb][et_pb_column type=\u00a0\u00bb1_3&Prime;][et_pb_sidebar admin_label=\u00a0\u00bbBarre lat\u00e9rale\u00a0\u00bb orientation=\u00a0\u00bbleft\u00a0\u00bb area=\u00a0\u00bbet_pb_widget_area_7&Prime; background_layout=\u00a0\u00bbdark\u00a0\u00bb remove_border=\u00a0\u00bboff\u00a0\u00bb module_class=\u00a0\u00bbmenu-vertical\u00a0\u00bb] [\/et_pb_sidebar][\/et_pb_column][et_pb_column type=\u00a0\u00bb2_3&Prime;][et_pb_text admin_label=\u00a0\u00bbTexte\u00a0\u00bb background_layout=\u00a0\u00bblight\u00a0\u00bb text_orientation=\u00a0\u00bbleft\u00a0\u00bb use_border_color=\u00a0\u00bboff\u00a0\u00bb border_color=\u00a0\u00bb#ffffff\u00a0\u00bb border_style=\u00a0\u00bbsolid\u00a0\u00bb]<\/p>\n<h2>Gamme de seaux plastiques de qualit\u00e9 alimentaire de 1 litre \u00e0 60 litres<\/h2>\n<p><a href=\"https:\/\/www.mfrance.fr\/neuf\/wp-content\/uploads\/sites\/2\/2015\/11\/Seau-alimentaire.jpg\"><img loading=\"lazy\" decoding=\"async\" class=\"size-full wp-image-545 alignright\" src=\"https:\/\/www.mfrance.fr\/neuf\/wp-content\/uploads\/sites\/2\/2015\/11\/Seau-alimentaire.jpg\" alt=\"Seau alimentaire\" width=\"252\" height=\"167\" \/><\/a><\/p>\n<ul>\n<li>Seaux ronds, rectangulaires et ovales en polypropyl\u00e8nes<\/li>\n<li>Seau avec anse plastique standard ou m\u00e9tal sur demande.<\/li>\n<li>Couvercles inviolables, languette de s\u00e9curit\u00e9 (Pour certains articles possibilit\u00e9 de <strong>couvercles operculables<\/strong>, avec <strong>joint<\/strong> pour parfaite \u00e9tanch\u00e9it\u00e9 et avec <strong>bouchon<\/strong> verseur pour liquides.<\/li>\n<li>Les seaux peuvent \u00eatre blancs, transparents ou en couleurs et ils peuvent \u00eatre personnalis\u00e9s par <strong>s\u00e9rigraphie<\/strong>, <strong>offset<\/strong> et <strong>in mould-labelling.<\/strong><\/li>\n<\/ul>\n<p>Gamme standard <strong>Seaux Ronds<\/strong> Alimentaires Capacit\u00e9s de 1 \u00e0 60 litres<\/p>\n<p><a href=\"https:\/\/www.mfrance.fr\/neuf\/wp-content\/uploads\/sites\/2\/2015\/11\/Seaux-ronds.jpg\"><img loading=\"lazy\" decoding=\"async\" class=\"size-full wp-image-548 aligncenter\" src=\"https:\/\/www.mfrance.fr\/neuf\/wp-content\/uploads\/sites\/2\/2015\/11\/Seaux-ronds.jpg\" alt=\"Seaux ronds\" width=\"252\" height=\"167\" \/><\/a><\/p>\n<p>Seaux <strong>Rectangulaires<\/strong> de 3.5 \u00e0 8 litres. Blanc opaque ou naturel translucides<\/p>\n<p><a href=\"https:\/\/www.mfrance.fr\/neuf\/wp-content\/uploads\/sites\/2\/2015\/11\/seaux-rectangulaires.jpg\"><img loading=\"lazy\" decoding=\"async\" class=\"size-full wp-image-547 aligncenter\" src=\"https:\/\/www.mfrance.fr\/neuf\/wp-content\/uploads\/sites\/2\/2015\/11\/seaux-rectangulaires.jpg\" alt=\"seaux rectangulaires\" width=\"252\" height=\"167\" \/><\/a><\/p>\n<p>Seaux <strong>ovales<\/strong> 6, 13 et 18 litres Id\u00e9als pour le conditionnement de peintures et vernis<\/p>\n<p><a href=\"https:\/\/www.mfrance.fr\/neuf\/wp-content\/uploads\/sites\/2\/2015\/11\/seaux-ovales.jpg\"><img loading=\"lazy\" decoding=\"async\" class=\"size-full wp-image-546 aligncenter\" src=\"https:\/\/www.mfrance.fr\/neuf\/wp-content\/uploads\/sites\/2\/2015\/11\/seaux-ovales.jpg\" alt=\"seaux ovales\" width=\"252\" height=\"168\" \/><\/a><\/p>\n<p>Tr\u00e8s large gamme de seaux et de solutions d\u2019emballages, fiables et robustes pour vos produits.<\/p>\n<p>&nbsp;<\/p>\n<p>[\/et_pb_text][\/et_pb_column][\/et_pb_row][\/et_pb_section]<\/p>\n","protected":false},"excerpt":{"rendered":"<p>Gamme de seaux plastiques de qualit\u00e9 alimentaire de 1 litre \u00e0 60 litres Seaux ronds, rectangulaires et ovales en polypropyl\u00e8nes Seau avec anse plastique standard ou m\u00e9tal sur demande. Couvercles inviolables, languette de s\u00e9curit\u00e9 (Pour certains articles possibilit\u00e9 de couvercles operculables, avec joint pour parfaite \u00e9tanch\u00e9it\u00e9 et avec bouchon verseur pour liquides. Les seaux peuvent [&hellip;]<\/p>\n","protected":false},"author":1,"featured_media":0,"parent":66,"menu_order":0,"comment_status":"closed","ping_status":"closed","template":"","meta":{"_et_pb_use_builder":"on","_et_pb_old_content":"","_et_gb_content_width":"","footnotes":""},"class_list":["post-208","page","type-page","status-publish","hentry"],"_links":{"self":[{"href":"https:\/\/www.mfrance.fr\/neuf\/wp-json\/wp\/v2\/pages\/208","targetHints":{"allow":["GET"]}}],"collection":[{"href":"https:\/\/www.mfrance.fr\/neuf\/wp-json\/wp\/v2\/pages"}],"about":[{"href":"https:\/\/www.mfrance.fr\/neuf\/wp-json\/wp\/v2\/types\/page"}],"author":[{"embeddable":true,"href":"https:\/\/www.mfrance.fr\/neuf\/wp-json\/wp\/v2\/users\/1"}],"replies":[{"embeddable":true,"href":"https:\/\/www.mfrance.fr\/neuf\/wp-json\/wp\/v2\/comments?post=208"}],"version-history":[{"count":10,"href":"https:\/\/www.mfrance.fr\/neuf\/wp-json\/wp\/v2\/pages\/208\/revisions"}],"predecessor-version":[{"id":553,"href":"https:\/\/www.mfrance.fr\/neuf\/wp-json\/wp\/v2\/pages\/208\/revisions\/553"}],"up":[{"embeddable":true,"href":"https:\/\/www.mfrance.fr\/neuf\/wp-json\/wp\/v2\/pages\/66"}],"wp:attachment":[{"href":"https:\/\/www.mfrance.fr\/neuf\/wp-json\/wp\/v2\/media?parent=208"}],"curies":[{"name":"wp","href":"https:\/\/api.w.org\/{rel}","templated":true}]}}

<p>[et_pb_section admin_label= »section » fullwidth= »on » specialty= »off » transparent_background= »off » background_color= »#04235e » allow_player_pause= »off » inner_shadow= »off » parallax= »off » parallax_method= »off » padding_mobile= »off » make_fullwidth= »off » use_custom_width= »off » width_unit= »on » make_equal= »off » use_custom_gutter= »off »][et_pb_fullwidth_header admin_label= »En-tête plein écran » title= »Seaux plastiques Alimentaires » background_layout= »dark » text_orientation= »left » header_fullscreen= »off » header_scroll_down= »off » parallax= »off » parallax_method= »off » content_orientation= »center » image_orientation= »center » custom_button_one= »off » button_one_letter_spacing= »0&Prime; button_one_use_icon= »default » button_one_icon_placement= »right » button_one_on_hover= »on » button_one_letter_spacing_hover= »0&Prime; custom_button_two= »off » button_two_letter_spacing= »0&Prime; button_two_use_icon= »default » button_two_icon_placement= »right » button_two_on_hover= »on » button_two_letter_spacing_hover= »0&Prime;] [/et_pb_fullwidth_header][/et_pb_section][et_pb_section admin_label= »section » inner_shadow= »off » parallax= »off »][et_pb_row admin_label= »Ligne »][et_pb_column type= »1_3&Prime;][et_pb_sidebar admin_label= »Barre latérale » orientation= »left » area= »et_pb_widget_area_7&Prime; background_layout= »dark » remove_border= »off » module_class= »menu-vertical »] [/et_pb_sidebar][/et_pb_column][et_pb_column type= »2_3&Prime;][et_pb_text admin_label= »Texte » background_layout= »light » text_orientation= »left » use_border_color= »off » border_color= »#ffffff » border_style= »solid »]</p>
<h2>Gamme de seaux plastiques de qualité alimentaire de 1 litre à 60 litres</h2>
<p><a href="https://www.mfrance.fr/neuf/wp-content/uploads/sites/2/2015/11/Seau-alimentaire.jpg"><img loading="lazy" decoding="async" class="size-full wp-image-545 alignright" src="https://www.mfrance.fr/neuf/wp-content/uploads/sites/2/2015/11/Seau-alimentaire.jpg" alt="Seau alimentaire" width="252" height="167" /></a></p>
<ul>
<li>Seaux ronds, rectangulaires et ovales en polypropylènes</li>
<li>Seau avec anse plastique standard ou métal sur demande.</li>
<li>Couvercles inviolables, languette de sécurité (Pour certains articles possibilité de <strong>couvercles operculables</strong>, avec <strong>joint</strong> pour parfaite étanchéité et avec <strong>bouchon</strong> verseur pour liquides.</li>
<li>Les seaux peuvent être blancs, transparents ou en couleurs et ils peuvent être personnalisés par <strong>sérigraphie</strong>, <strong>offset</strong> et <strong>in mould-labelling.</strong></li>
</ul>
<p>Gamme standard <strong>Seaux Ronds</strong> Alimentaires Capacités de 1 à 60 litres</p>
<p><a href="https://www.mfrance.fr/neuf/wp-content/uploads/sites/2/2015/11/Seaux-ronds.jpg"><img loading="lazy" decoding="async" class="size-full wp-image-548 aligncenter" src="https://www.mfrance.fr/neuf/wp-content/uploads/sites/2/2015/11/Seaux-ronds.jpg" alt="Seaux ronds" width="252" height="167" /></a></p>
<p>Seaux <strong>Rectangulaires</strong> de 3.5 à 8 litres. Blanc opaque ou naturel translucides</p>
<p><a href="https://www.mfrance.fr/neuf/wp-content/uploads/sites/2/2015/11/seaux-rectangulaires.jpg"><img loading="lazy" decoding="async" class="size-full wp-image-547 aligncenter" src="https://www.mfrance.fr/neuf/wp-content/uploads/sites/2/2015/11/seaux-rectangulaires.jpg" alt="seaux rectangulaires" width="252" height="167" /></a></p>
<p>Seaux <strong>ovales</strong> 6, 13 et 18 litres Idéals pour le conditionnement de peintures et vernis</p>
<p><a href="https://www.mfrance.fr/neuf/wp-content/uploads/sites/2/2015/11/seaux-ovales.jpg"><img loading="lazy" decoding="async" class="size-full wp-image-546 aligncenter" src="https://www.mfrance.fr/neuf/wp-content/uploads/sites/2/2015/11/seaux-ovales.jpg" alt="seaux ovales" width="252" height="168" /></a></p>
<p>Très large gamme de seaux et de solutions d’emballages, fiables et robustes pour vos produits.</p>
<p>&nbsp;</p>
<p>[/et_pb_text][/et_pb_column][/et_pb_row][/et_pb_section]</p>

<p>Gamme de seaux plastiques de qualité alimentaire de 1 litre à 60 litres Seaux ronds, rectangulaires et ovales en polypropylènes Seau avec anse plastique standard ou métal sur demande. Couvercles inviolables, languette de sécurité (Pour certains articles possibilité de couvercles operculables, avec joint pour parfaite étanchéité et avec bouchon verseur pour liquides. Les seaux peuvent [&hellip;]</p>
