{"id":88,"date":"2015-10-16T15:19:30","date_gmt":"2015-10-16T14:19:30","guid":{"rendered":"http:\/\/www.mfrance.fr\/neuf\/?page_id=88"},"modified":"2019-10-30T10:36:34","modified_gmt":"2019-10-30T09:36:34","slug":"pharmaceutique","status":"publish","type":"page","link":"https:\/\/www.mfrance.fr\/neuf\/nos-marches\/pharmaceutique\/","title":{"rendered":"Cosm\u00e9tique\/Pharmaceutique"},"content":{"rendered":"<p>[et_pb_section fb_built=\u00a0\u00bb1&Prime; fullwidth=\u00a0\u00bbon\u00a0\u00bb custom_padding_last_edited=\u00a0\u00bbon|desktop\u00a0\u00bb admin_label=\u00a0\u00bbsection\u00a0\u00bb _builder_version=\u00a0\u00bb3.0.74&Prime; background_color=\u00a0\u00bb#04235e\u00a0\u00bb custom_padding_tablet=\u00a0\u00bb50px|0|50px|0&Prime; transparent_background=\u00a0\u00bboff\u00a0\u00bb padding_mobile=\u00a0\u00bboff\u00a0\u00bb][et_pb_fullwidth_header title=\u00a0\u00bbPharmaceutique\u00a0\u00bb _builder_version=\u00a0\u00bb3.2&Prime; background_color=\u00a0\u00bbrgba(255, 255, 255, 0)\u00a0\u00bb][\/et_pb_fullwidth_header][\/et_pb_section][et_pb_section fb_built=\u00a0\u00bb1&Prime; admin_label=\u00a0\u00bbsection\u00a0\u00bb _builder_version=\u00a0\u00bb3.0.47&Prime;][et_pb_row admin_label=\u00a0\u00bbrow\u00a0\u00bb _builder_version=\u00a0\u00bb3.0.47&Prime; background_size=\u00a0\u00bbinitial\u00a0\u00bb background_position=\u00a0\u00bbtop_left\u00a0\u00bb background_repeat=\u00a0\u00bbrepeat\u00a0\u00bb][et_pb_column type=\u00a0\u00bb2_3&Prime; _builder_version=\u00a0\u00bb3.0.47&Prime; parallax=\u00a0\u00bboff\u00a0\u00bb parallax_method=\u00a0\u00bbon\u00a0\u00bb][et_pb_text _builder_version=\u00a0\u00bb3.0.87&Prime; background_size=\u00a0\u00bbinitial\u00a0\u00bb background_position=\u00a0\u00bbtop_left\u00a0\u00bb background_repeat=\u00a0\u00bbrepeat\u00a0\u00bb use_border_color=\u00a0\u00bboff\u00a0\u00bb border_color=\u00a0\u00bb#ffffff\u00a0\u00bb border_style=\u00a0\u00bbsolid\u00a0\u00bb]<\/p>\n<h2>Secteur Cosm\u00e9tique &#8211; Pharmaceutique<\/h2>\n<p>Solutions d\u2019emballages de vos Produits Cosm\u00e9tiques et Pharmaceutiques.<\/p>\n<ul>\n<li>Cosm\u00e9tique (hygi\u00e8ne et beaut\u00e9, soins, parfums, cr\u00e8mes,<br \/>\nshampoing et gel douche, huiles essentielles\u2026)<\/li>\n<li>Pharmaceutique ( poudres, g\u00e9lules, produits laboratoires,<br \/>\ncomprim\u00e9s, produits v\u00e9t\u00e9rinaires\u2026)<\/li>\n<\/ul>\n<p>M. France Emballages vous propose, des conditionnements d\u2019une fiabilit\u00e9 \u00e9prouv\u00e9e et reconnue depuis plusieurs ann\u00e9e, mais aussi une gamme de produits innovants.<br \/>\n[\/et_pb_text][\/et_pb_column][et_pb_column type=\u00a0\u00bb1_3&Prime; _builder_version=\u00a0\u00bb3.0.47&Prime; parallax=\u00a0\u00bboff\u00a0\u00bb parallax_method=\u00a0\u00bbon\u00a0\u00bb][\/et_pb_column][\/et_pb_row][\/et_pb_section]<\/p>\n","protected":false},"excerpt":{"rendered":"<p>Secteur Cosm\u00e9tique &#8211; Pharmaceutique Solutions d\u2019emballages de vos Produits Cosm\u00e9tiques et Pharmaceutiques. Cosm\u00e9tique (hygi\u00e8ne et beaut\u00e9, soins, parfums, cr\u00e8mes, shampoing et gel douche, huiles essentielles\u2026) Pharmaceutique ( poudres, g\u00e9lules, produits laboratoires, comprim\u00e9s, produits v\u00e9t\u00e9rinaires\u2026) M. France Emballages vous propose, des conditionnements d\u2019une fiabilit\u00e9 \u00e9prouv\u00e9e et reconnue depuis plusieurs ann\u00e9e, mais aussi une gamme de produits [&hellip;]<\/p>\n","protected":false},"author":1,"featured_media":0,"parent":38,"menu_order":0,"comment_status":"closed","ping_status":"closed","template":"","meta":{"_et_pb_use_builder":"on","_et_pb_old_content":"","_et_gb_content_width":"","footnotes":""},"class_list":["post-88","page","type-page","status-publish","hentry"],"_links":{"self":[{"href":"https:\/\/www.mfrance.fr\/neuf\/wp-json\/wp\/v2\/pages\/88","targetHints":{"allow":["GET"]}}],"collection":[{"href":"https:\/\/www.mfrance.fr\/neuf\/wp-json\/wp\/v2\/pages"}],"about":[{"href":"https:\/\/www.mfrance.fr\/neuf\/wp-json\/wp\/v2\/types\/page"}],"author":[{"embeddable":true,"href":"https:\/\/www.mfrance.fr\/neuf\/wp-json\/wp\/v2\/users\/1"}],"replies":[{"embeddable":true,"href":"https:\/\/www.mfrance.fr\/neuf\/wp-json\/wp\/v2\/comments?post=88"}],"version-history":[{"count":7,"href":"https:\/\/www.mfrance.fr\/neuf\/wp-json\/wp\/v2\/pages\/88\/revisions"}],"predecessor-version":[{"id":764,"href":"https:\/\/www.mfrance.fr\/neuf\/wp-json\/wp\/v2\/pages\/88\/revisions\/764"}],"up":[{"embeddable":true,"href":"https:\/\/www.mfrance.fr\/neuf\/wp-json\/wp\/v2\/pages\/38"}],"wp:attachment":[{"href":"https:\/\/www.mfrance.fr\/neuf\/wp-json\/wp\/v2\/media?parent=88"}],"curies":[{"name":"wp","href":"https:\/\/api.w.org\/{rel}","templated":true}]}}