{"id":298,"date":"2015-11-30T16:16:31","date_gmt":"2015-11-30T15:16:31","guid":{"rendered":"http:\/\/www.mfrance.fr\/renove\/?page_id=298"},"modified":"2025-02-05T13:51:30","modified_gmt":"2025-02-05T12:51:30","slug":"qui-sommes-nous","status":"publish","type":"page","link":"https:\/\/www.mfrance.fr\/renove\/qui-sommes-nous\/","title":{"rendered":"Qui sommes nous ?"},"content":{"rendered":"<p>[et_pb_section admin_label=\u00a0\u00bbSection\u00a0\u00bb fullwidth=\u00a0\u00bbon\u00a0\u00bb specialty=\u00a0\u00bboff\u00a0\u00bb transparent_background=\u00a0\u00bboff\u00a0\u00bb background_color=\u00a0\u00bb#27bf04&Prime; allow_player_pause=\u00a0\u00bboff\u00a0\u00bb inner_shadow=\u00a0\u00bboff\u00a0\u00bb parallax=\u00a0\u00bboff\u00a0\u00bb parallax_method=\u00a0\u00bboff\u00a0\u00bb padding_mobile=\u00a0\u00bboff\u00a0\u00bb make_fullwidth=\u00a0\u00bboff\u00a0\u00bb use_custom_width=\u00a0\u00bboff\u00a0\u00bb width_unit=\u00a0\u00bbon\u00a0\u00bb make_equal=\u00a0\u00bboff\u00a0\u00bb use_custom_gutter=\u00a0\u00bboff\u00a0\u00bb][et_pb_fullwidth_header admin_label=\u00a0\u00bbEn-t\u00eate plein \u00e9cran\u00a0\u00bb title=\u00a0\u00bbQui sommes nous ?\u00a0\u00bb background_layout=\u00a0\u00bbdark\u00a0\u00bb text_orientation=\u00a0\u00bbleft\u00a0\u00bb header_fullscreen=\u00a0\u00bboff\u00a0\u00bb header_scroll_down=\u00a0\u00bboff\u00a0\u00bb parallax=\u00a0\u00bboff\u00a0\u00bb parallax_method=\u00a0\u00bboff\u00a0\u00bb content_orientation=\u00a0\u00bbcenter\u00a0\u00bb image_orientation=\u00a0\u00bbcenter\u00a0\u00bb custom_button_one=\u00a0\u00bboff\u00a0\u00bb button_one_letter_spacing=\u00a0\u00bb0&Prime; button_one_use_icon=\u00a0\u00bbdefault\u00a0\u00bb button_one_icon_placement=\u00a0\u00bbright\u00a0\u00bb button_one_on_hover=\u00a0\u00bbon\u00a0\u00bb button_one_letter_spacing_hover=\u00a0\u00bb0&Prime; custom_button_two=\u00a0\u00bboff\u00a0\u00bb button_two_letter_spacing=\u00a0\u00bb0&Prime; button_two_use_icon=\u00a0\u00bbdefault\u00a0\u00bb button_two_icon_placement=\u00a0\u00bbright\u00a0\u00bb button_two_on_hover=\u00a0\u00bbon\u00a0\u00bb button_two_letter_spacing_hover=\u00a0\u00bb0&Prime;] [\/et_pb_fullwidth_header][\/et_pb_section][et_pb_section admin_label=\u00a0\u00bbsection\u00a0\u00bb][et_pb_row admin_label=\u00a0\u00bbLigne\u00a0\u00bb][et_pb_column type=\u00a0\u00bb2_3&Prime;][et_pb_text admin_label=\u00a0\u00bbTexte\u00a0\u00bb background_layout=\u00a0\u00bblight\u00a0\u00bb text_orientation=\u00a0\u00bbleft\u00a0\u00bb use_border_color=\u00a0\u00bboff\u00a0\u00bb border_color=\u00a0\u00bb#ffffff\u00a0\u00bb border_style=\u00a0\u00bbsolid\u00a0\u00bb]<\/p>\n<p>Entreprise familiale cr\u00e9\u00e9e en 1987, M. France est sp\u00e9cialiste et acteur majeur du march\u00e9 Fran\u00e7ais en n\u00e9goce et distribution <strong>d\u2019emballages plastiques et m\u00e9talliques<\/strong>. La soci\u00e9t\u00e9 M. France d\u00e9veloppe depuis bient\u00f4t 30 ans son activit\u00e9 gr\u00e2ce \u00e0 ses partenaires Europ\u00e9ens fabricants historiques.<\/p>\n<p>En parall\u00e8le de cette activit\u00e9 et pour r\u00e9pondre aux nouvelles attentes \u00e9cologiques, \u00e9conomiques de nos clients et dans un souci de d\u00e9veloppement durable, l\u2019entreprise propose depuis plusieurs ann\u00e9es des <strong>conditionnements reconditionn\u00e9s<\/strong>. Pour cela, elle s\u2019appuie sur son large r\u00e9seau de professionnels r\u00e9novateurs d\u2019emballages.<\/p>\n<p>[\/et_pb_text][et_pb_image admin_label=\u00a0\u00bbImage\u00a0\u00bb src=\u00a0\u00bbhttps:\/\/www.mfrance.fr\/wp-content\/uploads\/2015\/11\/SAM_0675.jpg\u00a0\u00bb show_in_lightbox=\u00a0\u00bboff\u00a0\u00bb url_new_window=\u00a0\u00bboff\u00a0\u00bb animation=\u00a0\u00bboff\u00a0\u00bb sticky=\u00a0\u00bboff\u00a0\u00bb align=\u00a0\u00bbleft\u00a0\u00bb force_fullwidth=\u00a0\u00bboff\u00a0\u00bb always_center_on_mobile=\u00a0\u00bbon\u00a0\u00bb use_border_color=\u00a0\u00bboff\u00a0\u00bb border_color=\u00a0\u00bb#ffffff\u00a0\u00bb border_style=\u00a0\u00bbsolid\u00a0\u00bb] [\/et_pb_image][et_pb_text admin_label=\u00a0\u00bbTexte\u00a0\u00bb background_layout=\u00a0\u00bblight\u00a0\u00bb text_orientation=\u00a0\u00bbleft\u00a0\u00bb use_border_color=\u00a0\u00bboff\u00a0\u00bb border_color=\u00a0\u00bb#ffffff\u00a0\u00bb border_style=\u00a0\u00bbsolid\u00a0\u00bb]<\/p>\n<h2>Activit\u00e9s<\/h2>\n<p><strong>Distribution d\u2019emballages Neufs et R\u00e9nov\u00e9s<\/strong>, une \u00e9quipe dynamique \u00e0 votre \u00e9coute et \u00e0 votre service afin de vous orient\u00e9 vers les meilleures choix pour vos conditionnements.<\/p>\n<p>Agent de fabricant pour des<strong> livraisons en direct<\/strong> de nos usines partenaires (MAUSER Groupe).<\/p>\n<p>Pr\u00e9paration des commandes et distribution de nos emballages sur toute la France et l&rsquo;Europe de 1 \u00e0 30 palettes.<\/p>\n<p><strong>Grande r\u00e9activit\u00e9<\/strong> gr\u00e2ce \u00e0 un stock important et \u00e0 son implantation g\u00e9ographique.<\/p>\n<p><strong>Livraison en 48 \u00e0 72<\/strong> heures toute France.<\/p>\n<p>[\/et_pb_text][\/et_pb_column][et_pb_column type=\u00a0\u00bb1_3&Prime;][et_pb_image admin_label=\u00a0\u00bbImage\u00a0\u00bb src=\u00a0\u00bbhttps:\/\/www.mfrance.fr\/renove\/wp-content\/uploads\/sites\/3\/2015\/10\/qui-somme-nous.jpg\u00a0\u00bb show_in_lightbox=\u00a0\u00bboff\u00a0\u00bb url_new_window=\u00a0\u00bboff\u00a0\u00bb animation=\u00a0\u00bboff\u00a0\u00bb sticky=\u00a0\u00bboff\u00a0\u00bb align=\u00a0\u00bbleft\u00a0\u00bb force_fullwidth=\u00a0\u00bboff\u00a0\u00bb always_center_on_mobile=\u00a0\u00bbon\u00a0\u00bb use_border_color=\u00a0\u00bboff\u00a0\u00bb border_color=\u00a0\u00bb#ffffff\u00a0\u00bb border_style=\u00a0\u00bbsolid\u00a0\u00bb] [\/et_pb_image][et_pb_text admin_label=\u00a0\u00bbTexte\u00a0\u00bb background_layout=\u00a0\u00bbdark\u00a0\u00bb text_orientation=\u00a0\u00bbleft\u00a0\u00bb use_border_color=\u00a0\u00bboff\u00a0\u00bb border_color=\u00a0\u00bb#ffffff\u00a0\u00bb border_style=\u00a0\u00bbsolid\u00a0\u00bb module_class=\u00a0\u00bbnos-engagements\u00a0\u00bb custom_padding=\u00a0\u00bb30px|25px|20px|25px\u00a0\u00bb]<\/p>\n<h2>Nos Engagements<\/h2>\n<ul>\n<li>Des produits de qualit\u00e9 r\u00e9pondant \u00e0 toutes vos exigences<\/li>\n<li>Des tarifs les plus comp\u00e9titifs du march\u00e9<\/li>\n<li>Une \u00e9quipe de professionnels disponible<\/li>\n<li>Un stock important<\/li>\n<li>Une grande r\u00e9activit\u00e9<\/li>\n<\/ul>\n<p>[\/et_pb_text][\/et_pb_column][\/et_pb_row][\/et_pb_section][et_pb_section admin_label=\u00a0\u00bbSection\u00a0\u00bb fullwidth=\u00a0\u00bboff\u00a0\u00bb specialty=\u00a0\u00bboff\u00a0\u00bb transparent_background=\u00a0\u00bboff\u00a0\u00bb background_color=\u00a0\u00bb#f4f4f4&Prime; allow_player_pause=\u00a0\u00bboff\u00a0\u00bb inner_shadow=\u00a0\u00bboff\u00a0\u00bb parallax=\u00a0\u00bboff\u00a0\u00bb parallax_method=\u00a0\u00bboff\u00a0\u00bb padding_mobile=\u00a0\u00bboff\u00a0\u00bb make_fullwidth=\u00a0\u00bboff\u00a0\u00bb use_custom_width=\u00a0\u00bboff\u00a0\u00bb width_unit=\u00a0\u00bbon\u00a0\u00bb make_equal=\u00a0\u00bboff\u00a0\u00bb use_custom_gutter=\u00a0\u00bboff\u00a0\u00bb][et_pb_row admin_label=\u00a0\u00bbLigne\u00a0\u00bb][et_pb_column type=\u00a0\u00bb1_2&Prime;][et_pb_text admin_label=\u00a0\u00bbTexte\u00a0\u00bb background_layout=\u00a0\u00bblight\u00a0\u00bb text_orientation=\u00a0\u00bbleft\u00a0\u00bb use_border_color=\u00a0\u00bboff\u00a0\u00bb border_color=\u00a0\u00bb#ffffff\u00a0\u00bb border_style=\u00a0\u00bbsolid\u00a0\u00bb]<\/p>\n<h2>Implantation G\u00e9ographique<\/h2>\n<p><strong>Situation G\u00e9ographique\u00a0<\/strong><br \/>\nEst Lyonnais (15 km de Lyon), proximit\u00e9 des Autoroutes A43, A46 et A432 et de l\u2019a\u00e9roport Saint Exup\u00e9ry<\/p>\n<p><strong>Locale <\/strong><br \/>\n1200m2 de stockage int\u00e9rieur et 150m2 de bureau.<\/p>\n<p>[\/et_pb_text][\/et_pb_column][et_pb_column type=\u00a0\u00bb1_2&Prime;][et_pb_text admin_label=\u00a0\u00bbTexte\u00a0\u00bb background_layout=\u00a0\u00bblight\u00a0\u00bb text_orientation=\u00a0\u00bbleft\u00a0\u00bb use_border_color=\u00a0\u00bboff\u00a0\u00bb border_color=\u00a0\u00bb#ffffff\u00a0\u00bb border_style=\u00a0\u00bbsolid\u00a0\u00bb]<\/p>\n<h2>Quelques chiffres cl\u00e9s<\/h2>\n<p><strong>Effectifs <\/strong><br \/>\n6 personnes<\/p>\n<p><strong>Chiffre d\u2019affaires 2024<\/strong><br \/>\n8.5 M \u20acuros<\/p>\n<p><strong>Clients<\/strong><br \/>\n+ de 1500 sur toute la France et en Europe, dans diff\u00e9rents secteurs d\u2019activit\u00e9s tels que la chimie, la pharmaceutique, l\u2019alimentaire, la cosm\u00e9tique, les d\u00e9chets &#8230;<\/p>\n<p>[\/et_pb_text][\/et_pb_column][\/et_pb_row][\/et_pb_section]<\/p>\n","protected":false},"excerpt":{"rendered":"<p>Entreprise familiale cr\u00e9\u00e9e en 1987, M. France est sp\u00e9cialiste et acteur majeur du march\u00e9 Fran\u00e7ais en n\u00e9goce et distribution d\u2019emballages plastiques et m\u00e9talliques. La soci\u00e9t\u00e9 M. France d\u00e9veloppe depuis bient\u00f4t 30 ans son activit\u00e9 gr\u00e2ce \u00e0 ses partenaires Europ\u00e9ens fabricants historiques. En parall\u00e8le de cette activit\u00e9 et pour r\u00e9pondre aux nouvelles attentes \u00e9cologiques, \u00e9conomiques de [&hellip;]<\/p>\n","protected":false},"author":1,"featured_media":0,"parent":0,"menu_order":0,"comment_status":"closed","ping_status":"closed","template":"","meta":{"_et_pb_use_builder":"on","_et_pb_old_content":"","_et_gb_content_width":"","footnotes":""},"class_list":["post-298","page","type-page","status-publish","hentry"],"_links":{"self":[{"href":"https:\/\/www.mfrance.fr\/renove\/wp-json\/wp\/v2\/pages\/298","targetHints":{"allow":["GET"]}}],"collection":[{"href":"https:\/\/www.mfrance.fr\/renove\/wp-json\/wp\/v2\/pages"}],"about":[{"href":"https:\/\/www.mfrance.fr\/renove\/wp-json\/wp\/v2\/types\/page"}],"author":[{"embeddable":true,"href":"https:\/\/www.mfrance.fr\/renove\/wp-json\/wp\/v2\/users\/1"}],"replies":[{"embeddable":true,"href":"https:\/\/www.mfrance.fr\/renove\/wp-json\/wp\/v2\/comments?post=298"}],"version-history":[{"count":9,"href":"https:\/\/www.mfrance.fr\/renove\/wp-json\/wp\/v2\/pages\/298\/revisions"}],"predecessor-version":[{"id":413,"href":"https:\/\/www.mfrance.fr\/renove\/wp-json\/wp\/v2\/pages\/298\/revisions\/413"}],"wp:attachment":[{"href":"https:\/\/www.mfrance.fr\/renove\/wp-json\/wp\/v2\/media?parent=298"}],"curies":[{"name":"wp","href":"https:\/\/api.w.org\/{rel}","templated":true}]}}

<p>[et_pb_section admin_label= »Section » fullwidth= »on » specialty= »off » transparent_background= »off » background_color= »#27bf04&Prime; allow_player_pause= »off » inner_shadow= »off » parallax= »off » parallax_method= »off » padding_mobile= »off » make_fullwidth= »off » use_custom_width= »off » width_unit= »on » make_equal= »off » use_custom_gutter= »off »][et_pb_fullwidth_header admin_label= »En-tête plein écran » title= »Qui sommes nous ? » background_layout= »dark » text_orientation= »left » header_fullscreen= »off » header_scroll_down= »off » parallax= »off » parallax_method= »off » content_orientation= »center » image_orientation= »center » custom_button_one= »off » button_one_letter_spacing= »0&Prime; button_one_use_icon= »default » button_one_icon_placement= »right » button_one_on_hover= »on » button_one_letter_spacing_hover= »0&Prime; custom_button_two= »off » button_two_letter_spacing= »0&Prime; button_two_use_icon= »default » button_two_icon_placement= »right » button_two_on_hover= »on » button_two_letter_spacing_hover= »0&Prime;] [/et_pb_fullwidth_header][/et_pb_section][et_pb_section admin_label= »section »][et_pb_row admin_label= »Ligne »][et_pb_column type= »2_3&Prime;][et_pb_text admin_label= »Texte » background_layout= »light » text_orientation= »left » use_border_color= »off » border_color= »#ffffff » border_style= »solid »]</p>
<p>Entreprise familiale créée en 1987, M. France est spécialiste et acteur majeur du marché Français en négoce et distribution <strong>d’emballages plastiques et métalliques</strong>. La société M. France développe depuis bientôt 30 ans son activité grâce à ses partenaires Européens fabricants historiques.</p>
<p>En parallèle de cette activité et pour répondre aux nouvelles attentes écologiques, économiques de nos clients et dans un souci de développement durable, l’entreprise propose depuis plusieurs années des <strong>conditionnements reconditionnés</strong>. Pour cela, elle s’appuie sur son large réseau de professionnels rénovateurs d’emballages.</p>
<p>[/et_pb_text][et_pb_image admin_label= »Image » src= »https://www.mfrance.fr/wp-content/uploads/2015/11/SAM_0675.jpg » show_in_lightbox= »off » url_new_window= »off » animation= »off » sticky= »off » align= »left » force_fullwidth= »off » always_center_on_mobile= »on » use_border_color= »off » border_color= »#ffffff » border_style= »solid »] [/et_pb_image][et_pb_text admin_label= »Texte » background_layout= »light » text_orientation= »left » use_border_color= »off » border_color= »#ffffff » border_style= »solid »]</p>
<h2>Activités</h2>
<p><strong>Distribution d’emballages Neufs et Rénovés</strong>, une équipe dynamique à votre écoute et à votre service afin de vous orienté vers les meilleures choix pour vos conditionnements.</p>
<p>Agent de fabricant pour des<strong> livraisons en direct</strong> de nos usines partenaires (MAUSER Groupe).</p>
<p>Préparation des commandes et distribution de nos emballages sur toute la France et l&rsquo;Europe de 1 à 30 palettes.</p>
<p><strong>Grande réactivité</strong> grâce à un stock important et à son implantation géographique.</p>
<p><strong>Livraison en 48 à 72</strong> heures toute France.</p>
<p>[/et_pb_text][/et_pb_column][et_pb_column type= »1_3&Prime;][et_pb_image admin_label= »Image » src= »https://www.mfrance.fr/renove/wp-content/uploads/sites/3/2015/10/qui-somme-nous.jpg » show_in_lightbox= »off » url_new_window= »off » animation= »off » sticky= »off » align= »left » force_fullwidth= »off » always_center_on_mobile= »on » use_border_color= »off » border_color= »#ffffff » border_style= »solid »] [/et_pb_image][et_pb_text admin_label= »Texte » background_layout= »dark » text_orientation= »left » use_border_color= »off » border_color= »#ffffff » border_style= »solid » module_class= »nos-engagements » custom_padding= »30px|25px|20px|25px »]</p>
<h2>Nos Engagements</h2>
<ul>
<li>Des produits de qualité répondant à toutes vos exigences</li>
<li>Des tarifs les plus compétitifs du marché</li>
<li>Une équipe de professionnels disponible</li>
<li>Un stock important</li>
<li>Une grande réactivité</li>
</ul>
<p>[/et_pb_text][/et_pb_column][/et_pb_row][/et_pb_section][et_pb_section admin_label= »Section » fullwidth= »off » specialty= »off » transparent_background= »off » background_color= »#f4f4f4&Prime; allow_player_pause= »off » inner_shadow= »off » parallax= »off » parallax_method= »off » padding_mobile= »off » make_fullwidth= »off » use_custom_width= »off » width_unit= »on » make_equal= »off » use_custom_gutter= »off »][et_pb_row admin_label= »Ligne »][et_pb_column type= »1_2&Prime;][et_pb_text admin_label= »Texte » background_layout= »light » text_orientation= »left » use_border_color= »off » border_color= »#ffffff » border_style= »solid »]</p>
<h2>Implantation Géographique</h2>
<p><strong>Situation Géographique </strong><br />
Est Lyonnais (15 km de Lyon), proximité des Autoroutes A43, A46 et A432 et de l’aéroport Saint Exupéry</p>
<p><strong>Locale </strong><br />
1200m2 de stockage intérieur et 150m2 de bureau.</p>
<p>[/et_pb_text][/et_pb_column][et_pb_column type= »1_2&Prime;][et_pb_text admin_label= »Texte » background_layout= »light » text_orientation= »left » use_border_color= »off » border_color= »#ffffff » border_style= »solid »]</p>
<h2>Quelques chiffres clés</h2>
<p><strong>Effectifs </strong><br />
6 personnes</p>
<p><strong>Chiffre d’affaires 2024</strong><br />
8.5 M €uros</p>
<p><strong>Clients</strong><br />
+ de 1500 sur toute la France et en Europe, dans différents secteurs d’activités tels que la chimie, la pharmaceutique, l’alimentaire, la cosmétique, les déchets &#8230;</p>
<p>[/et_pb_text][/et_pb_column][/et_pb_row][/et_pb_section]</p>

<p>Entreprise familiale créée en 1987, M. France est spécialiste et acteur majeur du marché Français en négoce et distribution d’emballages plastiques et métalliques. La société M. France développe depuis bientôt 30 ans son activité grâce à ses partenaires Européens fabricants historiques. En parallèle de cette activité et pour répondre aux nouvelles attentes écologiques, économiques de [&hellip;]</p>
