{"id":57,"date":"2015-10-22T13:40:08","date_gmt":"2015-10-22T12:40:08","guid":{"rendered":"http:\/\/www.mfrance.fr\/renove\/?page_id=57"},"modified":"2015-12-17T11:15:00","modified_gmt":"2015-12-17T10:15:00","slug":"ibc-poche-neuve-alimentaire","status":"publish","type":"page","link":"https:\/\/www.mfrance.fr\/renove\/containers-renoves-ibc-grv\/ibc-poche-neuve-alimentaire\/","title":{"rendered":"IBC poche neuve &#8211; Alimentaire"},"content":{"rendered":"<p>[et_pb_section admin_label=\u00a0\u00bbSection\u00a0\u00bb fullwidth=\u00a0\u00bbon\u00a0\u00bb specialty=\u00a0\u00bboff\u00a0\u00bb transparent_background=\u00a0\u00bboff\u00a0\u00bb background_color=\u00a0\u00bb#27bf04&Prime; allow_player_pause=\u00a0\u00bboff\u00a0\u00bb inner_shadow=\u00a0\u00bboff\u00a0\u00bb parallax=\u00a0\u00bboff\u00a0\u00bb parallax_method=\u00a0\u00bboff\u00a0\u00bb padding_mobile=\u00a0\u00bboff\u00a0\u00bb make_fullwidth=\u00a0\u00bboff\u00a0\u00bb use_custom_width=\u00a0\u00bboff\u00a0\u00bb width_unit=\u00a0\u00bbon\u00a0\u00bb make_equal=\u00a0\u00bboff\u00a0\u00bb use_custom_gutter=\u00a0\u00bboff\u00a0\u00bb][et_pb_fullwidth_header admin_label=\u00a0\u00bbEn-t\u00eate plein \u00e9cran\u00a0\u00bb title=\u00a0\u00bbIBC poche neuve &#8211; Alimentaire\u00a0\u00bb background_layout=\u00a0\u00bbdark\u00a0\u00bb text_orientation=\u00a0\u00bbleft\u00a0\u00bb header_fullscreen=\u00a0\u00bboff\u00a0\u00bb header_scroll_down=\u00a0\u00bboff\u00a0\u00bb parallax=\u00a0\u00bboff\u00a0\u00bb parallax_method=\u00a0\u00bboff\u00a0\u00bb content_orientation=\u00a0\u00bbcenter\u00a0\u00bb image_orientation=\u00a0\u00bbcenter\u00a0\u00bb custom_button_one=\u00a0\u00bboff\u00a0\u00bb button_one_letter_spacing=\u00a0\u00bb0&Prime; button_one_use_icon=\u00a0\u00bbdefault\u00a0\u00bb button_one_icon_placement=\u00a0\u00bbright\u00a0\u00bb button_one_on_hover=\u00a0\u00bbon\u00a0\u00bb button_one_letter_spacing_hover=\u00a0\u00bb0&Prime; custom_button_two=\u00a0\u00bboff\u00a0\u00bb button_two_letter_spacing=\u00a0\u00bb0&Prime; button_two_use_icon=\u00a0\u00bbdefault\u00a0\u00bb button_two_icon_placement=\u00a0\u00bbright\u00a0\u00bb button_two_on_hover=\u00a0\u00bbon\u00a0\u00bb button_two_letter_spacing_hover=\u00a0\u00bb0&Prime;] [\/et_pb_fullwidth_header][\/et_pb_section][et_pb_section admin_label=\u00a0\u00bbsection\u00a0\u00bb][et_pb_row admin_label=\u00a0\u00bbrow\u00a0\u00bb][et_pb_column type=\u00a0\u00bb1_3&Prime;][et_pb_sidebar admin_label=\u00a0\u00bbBarre lat\u00e9rale\u00a0\u00bb orientation=\u00a0\u00bbleft\u00a0\u00bb area=\u00a0\u00bbet_pb_widget_area_4&Prime; background_layout=\u00a0\u00bbdark\u00a0\u00bb module_class=\u00a0\u00bbmenu-vertical\u00a0\u00bb remove_border=\u00a0\u00bboff\u00a0\u00bb] [\/et_pb_sidebar][\/et_pb_column][et_pb_column type=\u00a0\u00bb2_3&Prime;][et_pb_text admin_label=\u00a0\u00bbTexte\u00a0\u00bb background_layout=\u00a0\u00bblight\u00a0\u00bb text_orientation=\u00a0\u00bbleft\u00a0\u00bb use_border_color=\u00a0\u00bboff\u00a0\u00bb border_color=\u00a0\u00bb#ffffff\u00a0\u00bb border_style=\u00a0\u00bbsolid\u00a0\u00bb]<\/p>\n<h2>Container reconstruit poche neuve<\/h2>\n<ul>\n<li>Sur palette bois, m\u00e9tal, m\u00e9talloplastique ou plastique<img loading=\"lazy\" decoding=\"async\" class=\"alignright size-medium wp-image-335\" src=\"https:\/\/www.mfrance.fr\/renove\/wp-content\/uploads\/sites\/3\/2015\/10\/poche-neuve-1-184x300.jpg\" alt=\"poche-neuve-1\" width=\"184\" height=\"300\" srcset=\"https:\/\/www.mfrance.fr\/renove\/wp-content\/uploads\/sites\/3\/2015\/10\/poche-neuve-1-184x300.jpg 184w, https:\/\/www.mfrance.fr\/renove\/wp-content\/uploads\/sites\/3\/2015\/10\/poche-neuve-1.jpg 484w\" sizes=\"(max-width: 184px) 100vw, 184px\" \/><\/li>\n<li>Type UN possible<\/li>\n<li>Vanne de vidange 2\u2019\u2019<strong> Neuve<\/strong><\/li>\n<li>Ouverture de remplissage 150 ou 225mm avec D\u00e9gazeur possible <strong>(Neuf)<\/strong>.<\/li>\n<li>Poche PEHD naturelle translucide, Neuve Alimentaire.<\/li>\n<\/ul>\n<p style=\"text-align: left;\"><strong>Reconditionnement par nos partenaires agr\u00e9es.<\/strong><\/p>\n<p style=\"text-align: left;\">Lavage ext\u00e9rieur de la cage et palette \u00e0 haute pression.<\/p>\n<p style=\"text-align: left;\">D\u00e9montage et traitement de l\u2019outre d\u2019origine pour valorisation de la mati\u00e8re.<\/p>\n<p style=\"text-align: left;\">Mise en place d\u2019une nouvelle poche PEHD.<\/p>\n<p style=\"text-align: left;\">Emballage garantissant l\u2019alimentarit\u00e9 de vos produits conditionn\u00e9s.<\/p>\n<p style=\"text-align: left;\"><strong>Reprise possible de vos emballages pour prestation Outre Neuve.<\/strong><\/p>\n<p>[\/et_pb_text][\/et_pb_column][\/et_pb_row][\/et_pb_section]<\/p>\n","protected":false},"excerpt":{"rendered":"<p>Container reconstruit poche neuve Sur palette bois, m\u00e9tal, m\u00e9talloplastique ou plastique Type UN possible Vanne de vidange 2\u2019\u2019 Neuve Ouverture de remplissage 150 ou 225mm avec D\u00e9gazeur possible (Neuf). Poche PEHD naturelle translucide, Neuve Alimentaire. Reconditionnement par nos partenaires agr\u00e9es. Lavage ext\u00e9rieur de la cage et palette \u00e0 haute pression. D\u00e9montage et traitement de l\u2019outre [&hellip;]<\/p>\n","protected":false},"author":1,"featured_media":0,"parent":42,"menu_order":0,"comment_status":"closed","ping_status":"closed","template":"","meta":{"_et_pb_use_builder":"on","_et_pb_old_content":"","_et_gb_content_width":"","footnotes":""},"class_list":["post-57","page","type-page","status-publish","hentry"],"_links":{"self":[{"href":"https:\/\/www.mfrance.fr\/renove\/wp-json\/wp\/v2\/pages\/57","targetHints":{"allow":["GET"]}}],"collection":[{"href":"https:\/\/www.mfrance.fr\/renove\/wp-json\/wp\/v2\/pages"}],"about":[{"href":"https:\/\/www.mfrance.fr\/renove\/wp-json\/wp\/v2\/types\/page"}],"author":[{"embeddable":true,"href":"https:\/\/www.mfrance.fr\/renove\/wp-json\/wp\/v2\/users\/1"}],"replies":[{"embeddable":true,"href":"https:\/\/www.mfrance.fr\/renove\/wp-json\/wp\/v2\/comments?post=57"}],"version-history":[{"count":12,"href":"https:\/\/www.mfrance.fr\/renove\/wp-json\/wp\/v2\/pages\/57\/revisions"}],"predecessor-version":[{"id":349,"href":"https:\/\/www.mfrance.fr\/renove\/wp-json\/wp\/v2\/pages\/57\/revisions\/349"}],"up":[{"embeddable":true,"href":"https:\/\/www.mfrance.fr\/renove\/wp-json\/wp\/v2\/pages\/42"}],"wp:attachment":[{"href":"https:\/\/www.mfrance.fr\/renove\/wp-json\/wp\/v2\/media?parent=57"}],"curies":[{"name":"wp","href":"https:\/\/api.w.org\/{rel}","templated":true}]}}

<p>[et_pb_section admin_label= »Section » fullwidth= »on » specialty= »off » transparent_background= »off » background_color= »#27bf04&Prime; allow_player_pause= »off » inner_shadow= »off » parallax= »off » parallax_method= »off » padding_mobile= »off » make_fullwidth= »off » use_custom_width= »off » width_unit= »on » make_equal= »off » use_custom_gutter= »off »][et_pb_fullwidth_header admin_label= »En-tête plein écran » title= »IBC poche neuve &#8211; Alimentaire » background_layout= »dark » text_orientation= »left » header_fullscreen= »off » header_scroll_down= »off » parallax= »off » parallax_method= »off » content_orientation= »center » image_orientation= »center » custom_button_one= »off » button_one_letter_spacing= »0&Prime; button_one_use_icon= »default » button_one_icon_placement= »right » button_one_on_hover= »on » button_one_letter_spacing_hover= »0&Prime; custom_button_two= »off » button_two_letter_spacing= »0&Prime; button_two_use_icon= »default » button_two_icon_placement= »right » button_two_on_hover= »on » button_two_letter_spacing_hover= »0&Prime;] [/et_pb_fullwidth_header][/et_pb_section][et_pb_section admin_label= »section »][et_pb_row admin_label= »row »][et_pb_column type= »1_3&Prime;][et_pb_sidebar admin_label= »Barre latérale » orientation= »left » area= »et_pb_widget_area_4&Prime; background_layout= »dark » module_class= »menu-vertical » remove_border= »off »] [/et_pb_sidebar][/et_pb_column][et_pb_column type= »2_3&Prime;][et_pb_text admin_label= »Texte » background_layout= »light » text_orientation= »left » use_border_color= »off » border_color= »#ffffff » border_style= »solid »]</p>
<h2>Container reconstruit poche neuve</h2>
<ul>
<li>Sur palette bois, métal, métalloplastique ou plastique<img loading="lazy" decoding="async" class="alignright size-medium wp-image-335" src="https://www.mfrance.fr/renove/wp-content/uploads/sites/3/2015/10/poche-neuve-1-184x300.jpg" alt="poche-neuve-1" width="184" height="300" srcset="https://www.mfrance.fr/renove/wp-content/uploads/sites/3/2015/10/poche-neuve-1-184x300.jpg 184w, https://www.mfrance.fr/renove/wp-content/uploads/sites/3/2015/10/poche-neuve-1.jpg 484w" sizes="(max-width: 184px) 100vw, 184px" /></li>
<li>Type UN possible</li>
<li>Vanne de vidange 2’’<strong> Neuve</strong></li>
<li>Ouverture de remplissage 150 ou 225mm avec Dégazeur possible <strong>(Neuf)</strong>.</li>
<li>Poche PEHD naturelle translucide, Neuve Alimentaire.</li>
</ul>
<p style="text-align: left;"><strong>Reconditionnement par nos partenaires agrées.</strong></p>
<p style="text-align: left;">Lavage extérieur de la cage et palette à haute pression.</p>
<p style="text-align: left;">Démontage et traitement de l’outre d’origine pour valorisation de la matière.</p>
<p style="text-align: left;">Mise en place d’une nouvelle poche PEHD.</p>
<p style="text-align: left;">Emballage garantissant l’alimentarité de vos produits conditionnés.</p>
<p style="text-align: left;"><strong>Reprise possible de vos emballages pour prestation Outre Neuve.</strong></p>
<p>[/et_pb_text][/et_pb_column][/et_pb_row][/et_pb_section]</p>

<p>Container reconstruit poche neuve Sur palette bois, métal, métalloplastique ou plastique Type UN possible Vanne de vidange 2’’ Neuve Ouverture de remplissage 150 ou 225mm avec Dégazeur possible (Neuf). Poche PEHD naturelle translucide, Neuve Alimentaire. Reconditionnement par nos partenaires agrées. Lavage extérieur de la cage et palette à haute pression. Démontage et traitement de l’outre [&hellip;]</p>
